
What is the units digit of 3807498603?
3
What is the hundred thousands digit of 147200683?
2
What is the hundred thousands digit of 547935529?
9
What is the hundreds digit of 47885192?
1
What is the thousands digit of 1670883027?
3
What is the hundreds digit of 438901047?
0
What is the thousands digit of 4250334?
0
What is the units digit of 21423815?
5
What is the hundreds digit of 237124262?
2
What is the hundred thousands digit of 633456727?
4
What is the thousands digit of 1312868006?
8
What is the ten millions digit of 826797722?
2
What is the units digit of 1259168812?
2
What is the millions digit of 46727122?
6
What is the ten millions digit of 6190100909?
9
What is the hundred thousands digit of 24145066?
1
What is the ten millions digit of 122378989?
2
What is the thousands digit of 207424208?
4
What is the hundred thousands digit of 402010944?
0
What is the tens digit of 9417421?
2
What is the tens digit of 34688818?
1
What is the thousands digit of 3939048324?
8
What is the hundred millions digit of 2929953011?
9
What is the ten millions digit of 226220398?
2
What is the thousands digit of 463746810?
6
What is the ten millions digit of 691871056?
9
What is the thousands digit of 124768083?
8
What is the thousands digit of 38871105?
1
What is the ten thousands digit of 183031166?
3
What is the hundred millions digit of 1104069886?
1
What is the tens digit of 3527724086?
8
What is the thousands digit of 37837269?
7
What is the ten thousands digit of 133370498?
7
What is the tens digit of 12106852?
5
What is the units digit of 288423185?
5
What is the tens digit of 178493480?
8
What is the ten thousands digit of 243767468?
6
What is the millions digit of 16123294?
6
What is the hundreds digit of 568704897?
8
What is the ten thousands digit of 19841173?
4
What is the thousands digit of 1441104683?
4
What is the thousands digit of 232947134?
7
What is the hundreds digit of 263764886?
8
What is the millions digit of 49971266?
9
What is the ten millions digit of 41717535?
4
What is the hundreds digit of 228137297?
2
What is the hundred millions digit of 1036257285?
0
What is the units digit of 425686095?
5
What is the hundreds digit of 552709539?
5
What is the ten thousands digit of 2549609?
4
What is the hundred millions digit of 607905135?
6
What is the billions digit of 3043214643?
3
What is the ten thousands digit of 5493038822?
3
What is the hundred millions digit of 105270982?
1
What is the hundred thousands digit of 816910087?
9
What is the tens digit of 453300587?
8
What is the thousands digit of 137394843?
4
What is the hundred millions digit of 1681191329?
6
What is the units digit of 17299?
9
What is the units digit of 834125465?
5
What is the billions digit of 2084809176?
2
What is the millions digit of 712271478?
2
What is the hundreds digit of 5464364760?
7
What is the millions digit of 38771572?
8
What is the ten thousands digit of 789250084?
5
What is the units digit of 686602564?
4
What is the millions digit of 255480159?
5
What is the units digit of 49475368?
8
What is the ten thousands digit of 498438463?
3
What is the hundred millions digit of 4613807966?
6
What is the hundred thousands digit of 48279960?
2
What is the millions digit of 2563918070?
3
What is the tens digit of 1080922893?
9
What is the millions digit of 2021089?
2
What is the tens digit of 880259308?
0
What is the ten thousands digit of 1645562074?
6
What is the hundreds digit of 597116899?
8
What is the hundred thousands digit of 152652390?
6
What is the millions digit of 38087948?
8
What is the ten thousands digit of 599633254?
3
What is the hundred thousands digit of 72319830?
3
What is the thousands digit of 5282160577?
0
What is the thousands digit of 2030605280?
5
What is the millions digit of 410815709?
0
What is the hundred thousands digit of 2591242207?
2
What is the hundred millions digit of 136870221?
1
What is the billions digit of 2554018038?
2
What is the ten millions digit of 18683711?
1
What is the hundred thousands digit of 1204510168?
5
What is the tens digit of 155901264?
6
What is the hundred thousands digit of 76514480?
5
What is the hundred thousands digit of 950611481?
6
What is the ten thousands digit of 37805142?
0
What is the hundreds digit of 20757585?
5
What is the ten millions digit of 31560990?
3
What is the hundreds digit of 265299988?
9
What is the hundred thousands digit of 579174433?
1
What is the millions digit of 406164507?
6
What is the units digit of 2642047492?
2
What is the hundreds digit of 3392328181?
1
What is the ten millions digit of 21683690?
2
What is the hundred thousands digit of 38369258?
3
What is the hundreds digit of 85466916?
9
What is the units digit of 155652490?
0
What is the thousands digit of 7005594275?
4
What is the ten millions digit of 1542741973?
4
What is the hundred millions digit of 283835293?
2
What is the tens digit of 58974926?
2
What is the millions digit of 771328722?
1
What is the units digit of 2117624820?
0
What is the millions digit of 13813731?
3
What is the hundreds digit of 8956657?
6
What is the ten millions digit of 308314393?
0
What is the hundred millions digit of 5451512424?
4
What is the hundreds digit of 39249110?
1
What is the tens digit of 44489462?
6
What is the hundred thousands digit of 220053181?
0
What is the ten millions digit of 645748381?
4
What is the tens digit of 1454540962?
6
What is the units digit of 642409206?
6
What is the ten thousands digit of 73383178?
8
What is the hundreds digit of 3280491800?
8
What is the millions digit of 56416027?
6
What is the ten thousands digit of 183040264?
4
What is the millions digit of 3306007182?
6
What is the hundreds digit of 24332149?
1
What is the hundred millions digit of 460813810?
4
What is the tens digit of 252823188?
8
What is the thousands digit of 258395932?
5
What is the units digit of 13073282?
2
What is the ten millions digit of 1800634333?
0
What is the hundreds digit of 9008783862?
8
What is the tens digit of 809355530?
3
What is the hundreds digit of 35003424?
4
What is the hundred thousands digit of 224605546?
6
What is the ten millions digit of 69409366?
6
What is the hundreds digit of 223083536?
5
What is the billions digit of 1002674416?
1
What is the millions digit of 123959271?
3
What is the ten thousands digit of 816468904?
6
What is the ten thousands digit of 618331614?
3
What is the hundred thousands digit of 55897754?
8
What is the hundreds digit of 365733501?
5
What is the tens digit of 215412570?
7
What is the hundred thousands digit of 904885718?
8
What is the hundred millions digit of 872807113?
8
What is the hundred millions digit of 6193512723?
1
What is the hundred millions digit of 885813505?
8
What is the ten millions digit of 45558347?
4
What is the hundred thousands digit of 301697342?
6
What is the hundred millions digit of 209964973?
2
What is the units digit of 24053172?
2
What is the thousands digit of 133132844?
2
What is the hundreds digit of 19959554?
5
What is the ten thousands digit of 108448493?
4
What is the units digit of 379561821?
1
What is the millions digit of 472451363?
2
What is the thousands digit of 48926636?
6
What is the billions digit of 2775619832?
2
What is the tens digit of 81884369?
6
What is the hundred thousands digit of 23760769?
7
What is the tens digit of 301463962?
6
What is the ten thousands digit of 165407478?
0
What is the ten thousands digit of 6338834?
3
What is the thousands digit of 92760447?
0
What is the ten thousands digit of 826424900?
2
What is the thousands digit of 30662637?
2
What is the ten thousands digit of 6435479?
3
What is the hundred thousands digit of 2777707852?
7
What is the tens digit of 1548306498?
9
What is the ten millions digit of 38646822?
3
What is the millions digit of 23374039?
3
What is the hundreds digit of 32914652?
6
What is the thousands digit of 1154172288?
2
What is the units digit of 490118223?
3
What is the millions digit of 98338269?
8
What is the tens digit of 259388134?
3
What is the millions digit of 12266313?
2
What is the hundred millions digit of 129048634?
1
What is the ten thousands digit of 159210440?
1
What is the thousands digit of 65976373?
6
What is the hundred thousands digit of 1001111